actor of m and w?
11
Let d be (-414)/(-92)*((-70)/(-6) + -1). Let r(x) = x**3 + 8*x**2 + 9*x + 10. Let w be r(-7). Let n = w + 10. Calculate the greatest common divisor of n and d.
6
Let q = 2699 - 1909. What is the highest common divisor of q and 10?
10
Suppose 0 = -3*i + 3*p + 39, -3*i + 2*i - 4*p = -38. Suppose 0 = 3*k + 4*v - 0*v - 131, -140 = -3*k + 5*v. Calculate the greatest common factor of i and k.
9
Suppose 4*c = 923 - 219. Let m = -472 + 494. Calculate the highest common factor of m and c.
22
Suppose 2*y = -10, 3*w + 19*y - 24 = 16*y. Let b = 13 - 58. Let a = 110 + b. What is the highest common divisor of a and w?
13
Let n be -19 - 6992/(-144) - 4/(-9). Calculate the highest common divisor of 25 and n.
5
Let x = 24 - 20. Suppose -4*b - 3*g = 0, x*b + 5*g = -b - 5. Let f be 4 - 3/(b/(-11)). Calculate the greatest common divisor of f and 3.
3
Let f(j) be the third derivative of j**4/3 + 11*j**3/3 + 149*j**2. Let h = 6 + 10. Let x be f(h). Calculate the highest common factor of x and 15.
15
Let q = 18 - -10. Suppose q + 36 = 4*d. Suppose 0 = -4*w + 34 + 62. What is the highest common divisor of w and d?
8
Let j be (-4 + 10 - (-4 + 3)) + 2. What is the highest common divisor of j and 207?
9
Let i(w) = -3*w - 1. Let o be i(1). Let d be (-4)/(o + 0) + 61. Let c = 100 - d. What is the greatest common divisor of 342 and c?
38
Suppose 224 = 5*p + 8*f - 10*f, p - 46 = f. What is the highest common divisor of 28 and p?
4
Let w = 53 - 47. Let i be ((-44)/(-3))/((-6)/(-27)). What is the greatest common factor of i and w?
6
Let w(x) = x**3 - 7*x**2 + 2*x + 13. Let f be w(8). What is the highest common factor of 992 and f?
31
Let g(h) = 13*h**2. Let l be g(-1). Let y = -76 + 81. Suppose 0 = -y*o + 158 + 102. What is the greatest common factor of o and l?
13
Suppose d - 10 = 2*o - 3*o, 0 = -o - 4. Suppose -16 = 4*w, 3*g + w - 3*w = d. Calculate the greatest common factor of g and 10.
2
Suppose -5 + 2 = -h. Suppose -9*g + h = -8*g. Let t = 19 + 2. What is the greatest common factor of g and t?
3
Let y(l) = 4*l + 4. Let o be y(15). Suppose 3*b + 3*v = 108, -5*b + 2*v + 116 = -o. Calculate the greatest common divisor of 84 and b.
12
Let f be 2/(3 + 1021/(-340)). Let p = -480 - f. What is the highest common divisor of 25 and p?
25
Let s(h) = -7*h - 9. Let l be s(-3). Let f = -11 - -19. Suppose -6*d + 7*d - f = 0. Calculate the greatest common factor of l and d.
4
Suppose 27 + 30 = -3*f. Let a = f - -20. What is the greatest common factor of a and 7?
1
Let s be 0 - (-2 + 2 - 15). Suppose s = 6*u - u. Suppose k + u - 14 = 3*b, k - 2*b - 8 = 0. Calculate the highest common factor of 4 and k.
2
Suppose t - 7*t = -12. Let s = 2 + t. Calculate the highest common factor of s and 6.
2
Let n = 48 - 149. Let k = 42 - -119. Let a = n + k. What is the greatest common divisor of 6 and a?
6
Suppose -11*j = -3*k - 13*j + 492, k = 3*j + 153. What is the greatest common factor of 24 and k?
6
Suppose -10 - 26 = -p. Let c = p + -26. Let f be (-2 - -1)/(1/(-110)) + 0. What is the greatest common factor of c and f?
10
Let u be (-18)/(-72) - (-179)/4. Let s(q) = q + 9. Suppose 5*w - 8 = -4*j, w - j = j - 4. Let m be s(w). Calculate the greatest common factor of u and m.
9
Let l = -1 + 3. Suppose 2*o + 5*t = 105, 196 = 4*o - 0*t - 4*t. Suppose l*m + 0*m = o. What is the highest common divisor of 10 and m?
5
Suppose -2*m = 2*v - 170, -2*m - m - 2*v + 253 = 0. What is the greatest common factor of 1577 and m?
83
Let i be 10*(1 - (-2 - 1)). Let x(c) = c**3 + 7*c**2 + 4*c - 14. Let y be x(-5). What is the greatest common divisor of i and y?
8
Suppose -689 = -15*j + 12*j - 5*v, 3*v + 1137 = 5*j. What is the greatest common factor of j and 48?
12
Let g be 864/5 + (-4)/5. Suppose 0*n - n = 2*d - 73, -n = -5*d + g. Suppose -3*w + 13 = -2. What is the highest common divisor of w and d?
5
Let f = 1186 - 1174. Calculate the highest common divisor of f and 21.
3
Suppose -3*w + 127 = 5*k + w, 0 = 3*k + 2*w - 75. Suppose 4*q - 25 = k. Calculate the greatest common divisor of 96 and q.
12
Let t = -27 - -31. Let b(m) = 2*m + 1. Let d be b(t). Calculate the greatest common divisor of d and 12.
3
Let h be (7 + -6)*-1 + 4. What is the highest common factor of 5 and h?
1
Let o be (-29)/(-3) - (-2)/(-3). Suppose 3*d = -0*d + o. Let r(h) = -h**3 + 8*h**2 - 2*h - 2. Let l be r(7). Calculate the greatest common factor of l and d.
3
Suppose -5*i + 221 = -l, -2*i = -666*l + 669*l - 85. Let d = -72 - -182. What is the greatest common divisor of d and i?
22
Suppose 0*g = 5*g - 2475. Suppose 0 = -5*p - 2*i + i - g, -5*i = 2*p + 221. Let r = -62 - p. Calculate the highest common divisor of 9 and r.
9
Let y(t) = 2*t**3 - 9*t**2 - 9*t + 14. Let n be y(7). What is the greatest common factor of n and 147?
49
Let k = 160 - 109. Let p be k*(-2)/12*(-6 - -2). Calculate the greatest common divisor of 85 and p.
17
Let t(o) = 86*o - 70. Let u be t(5). What is the highest common divisor of u and 15?
15
Let h = 2 - -13. Let r = h + -5. Let b(q) = q**3 + 4*q**2 - 20*q - 43. Let t be b(-6). Calculate the highest common factor of r and t.
5
Let w(c) = c**3 - 3*c**2 + 3*c - 1. Let g be w(2). Suppose -g = k, -5*i + i = 2*k - 54. What is the greatest common divisor of i and 14?
14
Suppose -2*x - 4*t = 18, -5*x - 87 = -2*t - 2*t. Let n = x + 17. Suppose 4*a - 96 = -24. Calculate the highest common divisor of n and a.
2
Suppose 18 = -k + 51. Suppose -5*p - 26 = -a, 45 + k = 3*a - 2*p. Calculate the highest common factor of 65 and a.
13
Let b be (22/(-8) - -2)*(-26 + -6). What is the highest common divisor of 30 and b?
6
Let q(z) = -15*z**3 + 2*z + 8*z**3 + 2*z + 2 + 8*z**3 - 5*z**2. Let m be q(4). Let h = m + 4. Calculate the highest common factor of 6 and h.
6
Suppose 4*c = 5*c. Suppose c = -3*z - 4*p + 28, 6*z - 3*z + 2*p = 20. Let d be -4 + 0/z + 21. What is the greatest common factor of d and 187?
17
Let j be 1/4 + 23/4. Suppose 3*z + 4*f = 352, j*f - f - 468 = -4*z. What is the highest common factor of 14 and z?
14
Let a(p) = p**3 + 13*p**2 - 4*p + 5. Let y be a(-5). Suppose 5*t + 4*h = y, -5*t + 108 = -2*t - 3*h. Calculate the highest common factor of t and 369.
41
Suppose 6*g = 8*g - 8. Let i be (-6)/(-4) + (-142)/g. Let q = -12 - i. What is the greatest common divisor of 198 and q?
22
Suppose 0 = -10*m + 640 + 550. What is the greatest common factor of 187 and m?
17
Suppose 4*h = -h + 20. Suppose -2*d = -72 + 22. Suppose -3*k + 4*n + d = 0, n - h*n = -k. What is the highest common factor of 5 and k?
5
Suppose -z + 5 = 0, -4*p = -4*z - 453 - 907. Calculate the greatest common divisor of 60 and p.
15
Let a(b) = -88*b - 304. Let l be a(-5). Calculate the highest common factor of l and 8.
8
Suppose -3*t + 5*l + 480 = 0, 18*t = 14*t - 4*l + 672. Calculate the highest common divisor of 10 and t.
5
Let o(u) = u**3 - 5*u + 5. Let m be o(2). Suppose 0 = -3*y - j + 26, -4*y + j + 19 = -2*y. What is the highest common divisor of m and y?
3
Let w(g) = g + 3. Let n(d) = 2*d + 5. Let q(m) = -4*n(m) + 7*w(m). Let x be q(-10). Suppose -8*i - 6*i = -1232. What is the greatest common factor of i and x?
11
Let t = 2869 - 2837. Let a be (4/(-2))/(1/(-2)). What is the greatest common divisor of t and a?
4
Let p = 30 - 26. Suppose -4*w = -j - 4, -37 = -5*j - 3*w + p*w. Calculate the highest common divisor of 1 and j.
1
Let g = 17 + -12. Let s(p) = 3*p**2 - 24*p + 28. Let z be s(9). What is the greatest common divisor of g and z?
5
Let q be 0*(-7)/(-42)*3 + 110. What is the highest common divisor of q and 242?
22
Let h(j) = -j**3 - 2*j**2 - 3*j + 2. Let n be h(-3). Calculate the highest common divisor of n and 10.
10
Suppose -4*p - 4*t + 248 = 0, 5*t = -2*p + 55 + 75. What is the highest common factor of 210 and p?
30
Suppose -7*o + 11*o - 508 = 0. Let p = o - 57. Calculate the highest common factor of p and 14.
14
Suppose 20 = 2*o - 34. Let r = 15 - o. Let g be 2/3 + r/(-9). Calculate the highest common divisor of g and 18.
2
Let l(g) = g**3 + 3*g**2 - 4*g - 8. Let m be l(-3). Suppose 3*k - m*f = 4, 2*k = 3*f + 1 + 1. What is the highest common divisor of k and 36?
4
Suppose -3*d = -4*x - 551, 3*x - 2 - 1 = 0. Let u be -3 - (-4 - -3 - 76). Calculate the highest common divisor of u and d.
37
Suppose -2691 = -5*s + 3*y, -5*y + 1635 = 